{"id":1163,"date":"2021-06-04T08:12:03","date_gmt":"2021-06-04T08:12:03","guid":{"rendered":"https:\/\/afterclass.la-farga.org\/?page_id=1163"},"modified":"2024-05-27T08:08:15","modified_gmt":"2024-05-27T08:08:15","slug":"f-a-q","status":"publish","type":"page","link":"https:\/\/afterclass.instituciotarragona.org\/?page_id=1163","title":{"rendered":"FAQ"},"content":{"rendered":"\t\t<div data-elementor-type=\"wp-page\" data-elementor-id=\"1163\" class=\"elementor elementor-1163\" data-elementor-settings=\"[]\">\n\t\t\t\t\t\t\t<div class=\"elementor-section-wrap\">\n\t\t\t\t\t\t\t<section class=\"elementor-section elementor-top-section elementor-element elementor-element-b0fe5cb elementor-section-stretched elementor-section-boxed elementor-section-height-default elementor-section-height-default\" data-id=\"b0fe5cb\" data-element_type=\"section\" data-settings=\"{&quot;stretch_section&quot;:&quot;section-stretched&quot;,&quot;background_background&quot;:&quot;classic&quot;}\">\n\t\t\t\t\t\t<div class=\"elementor-container elementor-column-gap-wider\">\n\t\t\t\t\t<div class=\"elementor-column elementor-col-100 elementor-top-column elementor-element elementor-element-62d3d6f\" data-id=\"62d3d6f\" data-element_type=\"column\">\n\t\t\t<div class=\"elementor-widget-wrap elementor-element-populated\">\n\t\t\t\t\t\t\t\t<section class=\"elementor-section elementor-inner-section elementor-element elementor-element-98fdabd elementor-section-boxed elementor-section-height-default elementor-section-height-default\" data-id=\"98fdabd\" data-element_type=\"section\">\n\t\t\t\t\t\t<div class=\"elementor-container elementor-column-gap-default\">\n\t\t\t\t\t<div class=\"elementor-column elementor-col-100 elementor-inner-column elementor-element elementor-element-1606332\" data-id=\"1606332\" data-element_type=\"column\">\n\t\t\t<div class=\"elementor-widget-wrap elementor-element-populated\">\n\t\t\t\t\t\t\t\t<div class=\"elementor-element elementor-element-31bbbef elementor-widget elementor-widget-text-editor\" data-id=\"31bbbef\" data-element_type=\"widget\" data-widget_type=\"text-editor.default\">\n\t\t\t\t<div class=\"elementor-widget-container\">\n\t\t\t\t\t\t\t\t<h1>FAQ<\/h1>\t\t\t\t\t\t<\/div>\n\t\t\t\t<\/div>\n\t\t\t\t<div class=\"elementor-element elementor-element-2ffc416 elementor-widget elementor-widget-mfn_faq\" data-id=\"2ffc416\" data-element_type=\"widget\" data-widget_type=\"mfn_faq.default\">\n\t\t\t\t<div class=\"elementor-widget-container\">\n\t\t\t<div class=\"faq\"><h4 class=\"title\">\u00bfTienes alguna duda?<\/h4><div class=\"mfn-acc faq_wrapper \"><div class=\"question\"><div class=\"title\"><span class=\"num\">1<\/span><i class=\"icon-plus acc-icon-plus\"><\/i><i class=\"icon-minus acc-icon-minus\"><\/i>\u00bfHasta cu\u00e1ndo puedo inscribir a mis hijos?<\/div><div class=\"answer\"><p>El per\u00edodo de inscripci\u00f3n a\u00fan est\u00e1 por determinar<\/p><\/div><\/div>\n<div class=\"question\"><div class=\"title\"><span class=\"num\">2<\/span><i class=\"icon-plus acc-icon-plus\"><\/i><i class=\"icon-minus acc-icon-minus\"><\/i>\u00bfSe debe pagar alguna cosa por adelantado?<\/div><div class=\"answer\"><p>Quiz\u00e1s en algunas actividades se deber\u00e1 abonar una matr\u00edcula de reserva de plaza. Mirar las especificaciones antes de hacer las inscripciones.<\/p><\/div><\/div>\n<div class=\"question\"><div class=\"title\"><span class=\"num\">3<\/span><i class=\"icon-plus acc-icon-plus\"><\/i><i class=\"icon-minus acc-icon-minus\"><\/i>\u00bfHay plazas limitadas?<\/div><div class=\"answer\"><p>S\u00ed, en funci\u00f3n de la actividad. La reserva de plaza se har\u00e1 por orden de inscripci\u00f3n.<\/p><\/div><\/div>\n<div class=\"question\"><div class=\"title\"><span class=\"num\">4<\/span><i class=\"icon-plus acc-icon-plus\"><\/i><i class=\"icon-minus acc-icon-minus\"><\/i>\u00bfHay que ser alumno de la Instituci\u00f3 Tarragona para apuntarse?<\/div><div class=\"answer\"><p>S\u00ed. After-Class<span class=\"Apple-converted-space\">\u00a0<\/span>est\u00e1 dirigido a alumnos, madres y padres de la Instituci\u00f3 Tarragona.<\/p><div>M\u00e1s informaci\u00f3n:<\/div><div><a href=\"https:\/\/info.instituciotarragona.org\/ca\/\" target=\"_blank\" rel=\"noopener\">https:\/\/info.instituciotarragona.org\/<\/a><\/div><\/div><\/div>\n<div class=\"question\"><div class=\"title\"><span class=\"num\">5<\/span><i class=\"icon-plus acc-icon-plus\"><\/i><i class=\"icon-minus acc-icon-minus\"><\/i>\u00bfD\u00f3nde debemos acudir para apuntar a nuestro hijo a las actividades de un club juvenil?<\/div><div class=\"answer\"><p>Una vez hecha la inscripci\u00f3n a trav\u00e9s del formulario de After-Class, los responsables de los clubes contactar\u00e1n con las familias<\/p><\/div><\/div>\n<\/div><\/div>\n\t\t<\/div>\n\t\t\t\t<\/div>\n\t\t\t\t\t<\/div>\n\t\t<\/div>\n\t\t\t\t\t\t\t<\/div>\n\t\t<\/section>\n\t\t\t\t\t<\/div>\n\t\t<\/div>\n\t\t\t\t\t\t\t<\/div>\n\t\t<\/section>\n\t\t\t\t<section class=\"elementor-section elementor-top-section elementor-element elementor-element-91566d3 elementor-section-stretched elementor-section-full_width elementor-section-height-default elementor-section-height-default\" data-id=\"91566d3\" data-element_type=\"section\" data-settings=\"{&quot;stretch_section&quot;:&quot;section-stretched&quot;,&quot;background_background&quot;:&quot;classic&quot;}\">\n\t\t\t\t\t\t<div class=\"elementor-container elementor-column-gap-no\">\n\t\t\t\t\t<div class=\"elementor-column elementor-col-100 elementor-top-column elementor-element elementor-element-1b7b155\" data-id=\"1b7b155\" data-element_type=\"column\">\n\t\t\t<div class=\"elementor-widget-wrap elementor-element-populated\">\n\t\t\t\t\t\t\t\t<section class=\"elementor-section elementor-inner-section elementor-element elementor-element-ea221c7 elementor-section-full_width elementor-section-height-default elementor-section-height-default\" data-id=\"ea221c7\" data-element_type=\"section\" data-settings=\"{&quot;background_background&quot;:&quot;classic&quot;}\">\n\t\t\t\t\t\t<div class=\"elementor-container elementor-column-gap-no\">\n\t\t\t\t\t<div class=\"elementor-column elementor-col-100 elementor-inner-column elementor-element elementor-element-9e8c0eb\" data-id=\"9e8c0eb\" data-element_type=\"column\">\n\t\t\t<div class=\"elementor-widget-wrap elementor-element-populated\">\n\t\t\t\t\t\t\t\t<div class=\"elementor-element elementor-element-761496e elementor-widget elementor-widget-image\" data-id=\"761496e\" data-element_type=\"widget\" data-widget_type=\"image.default\">\n\t\t\t\t<div class=\"elementor-widget-container\">\n\t\t\t\t\t\t\t\t\t\t\t\t\t\t\t<img loading=\"lazy\" decoding=\"async\" width=\"1920\" height=\"114\" src=\"https:\/\/afterclass.instituciotarragona.org\/wp-content\/uploads\/2021\/01\/funfair-sectionbg6.png\" class=\"attachment-full size-full\" alt=\"\" srcset=\"https:\/\/afterclass.instituciotarragona.org\/wp-content\/uploads\/2021\/01\/funfair-sectionbg6.png 1920w, https:\/\/afterclass.instituciotarragona.org\/wp-content\/uploads\/2021\/01\/funfair-sectionbg6-300x18.png 300w, https:\/\/afterclass.instituciotarragona.org\/wp-content\/uploads\/2021\/01\/funfair-sectionbg6-1024x61.png 1024w, https:\/\/afterclass.instituciotarragona.org\/wp-content\/uploads\/2021\/01\/funfair-sectionbg6-768x46.png 768w, https:\/\/afterclass.instituciotarragona.org\/wp-content\/uploads\/2021\/01\/funfair-sectionbg6-1536x91.png 1536w, https:\/\/afterclass.instituciotarragona.org\/wp-content\/uploads\/2021\/01\/funfair-sectionbg6-260x15.png 260w, https:\/\/afterclass.instituciotarragona.org\/wp-content\/uploads\/2021\/01\/funfair-sectionbg6-50x3.png 50w, https:\/\/afterclass.instituciotarragona.org\/wp-content\/uploads\/2021\/01\/funfair-sectionbg6-150x9.png 150w\" sizes=\"auto, (max-width: 1920px) 100vw, 1920px\" \/>\t\t\t\t\t\t\t\t\t\t\t\t\t\t\t<\/div>\n\t\t\t\t<\/div>\n\t\t\t\t\t<\/div>\n\t\t<\/div>\n\t\t\t\t\t\t\t<\/div>\n\t\t<\/section>\n\t\t\t\t\t<\/div>\n\t\t<\/div>\n\t\t\t\t\t\t\t<\/div>\n\t\t<\/section>\n\t\t\t\t<section class=\"elementor-section elementor-top-section elementor-element elementor-element-7c46f9a elementor-section-stretched elementor-section-boxed elementor-section-height-default elementor-section-height-default\" data-id=\"7c46f9a\" data-element_type=\"section\" data-settings=\"{&quot;stretch_section&quot;:&quot;section-stretched&quot;,&quot;background_background&quot;:&quot;classic&quot;}\">\n\t\t\t\t\t\t<div class=\"elementor-container elementor-column-gap-wider\">\n\t\t\t\t\t<div class=\"elementor-column elementor-col-100 elementor-top-column elementor-element elementor-element-7ececa9\" data-id=\"7ececa9\" data-element_type=\"column\">\n\t\t\t<div class=\"elementor-widget-wrap elementor-element-populated\">\n\t\t\t\t\t\t\t\t<div class=\"elementor-element elementor-element-0d24491 elementor-widget elementor-widget-image\" data-id=\"0d24491\" data-element_type=\"widget\" data-widget_type=\"image.default\">\n\t\t\t\t<div class=\"elementor-widget-container\">\n\t\t\t\t\t\t\t\t\t\t\t\t\t\t\t<img loading=\"lazy\" decoding=\"async\" width=\"1018\" height=\"754\" src=\"https:\/\/afterclass.instituciotarragona.org\/wp-content\/uploads\/2024\/05\/Recurso-3-1.png\" class=\"attachment-large size-large\" alt=\"\" srcset=\"https:\/\/afterclass.instituciotarragona.org\/wp-content\/uploads\/2024\/05\/Recurso-3-1.png 1018w, https:\/\/afterclass.instituciotarragona.org\/wp-content\/uploads\/2024\/05\/Recurso-3-1-300x222.png 300w, https:\/\/afterclass.instituciotarragona.org\/wp-content\/uploads\/2024\/05\/Recurso-3-1-768x569.png 768w, https:\/\/afterclass.instituciotarragona.org\/wp-content\/uploads\/2024\/05\/Recurso-3-1-197x146.png 197w, https:\/\/afterclass.instituciotarragona.org\/wp-content\/uploads\/2024\/05\/Recurso-3-1-50x37.png 50w, https:\/\/afterclass.instituciotarragona.org\/wp-content\/uploads\/2024\/05\/Recurso-3-1-101x75.png 101w\" sizes=\"auto, (max-width: 1018px) 100vw, 1018px\" \/>\t\t\t\t\t\t\t\t\t\t\t\t\t\t\t<\/div>\n\t\t\t\t<\/div>\n\t\t\t\t<section class=\"elementor-section elementor-inner-section elementor-element elementor-element-cbbae89 elementor-section-boxed elementor-section-height-default elementor-section-height-default\" data-id=\"cbbae89\" data-element_type=\"section\">\n\t\t\t\t\t\t<div class=\"elementor-container elementor-column-gap-default\">\n\t\t\t\t\t<div class=\"elementor-column elementor-col-100 elementor-inner-column elementor-element elementor-element-ad76586\" data-id=\"ad76586\" data-element_type=\"column\">\n\t\t\t<div class=\"elementor-widget-wrap elementor-element-populated\">\n\t\t\t\t\t\t\t\t<div class=\"elementor-element elementor-element-e828e46 elementor-widget elementor-widget-spacer\" data-id=\"e828e46\" data-element_type=\"widget\" data-widget_type=\"spacer.default\">\n\t\t\t\t<div class=\"elementor-widget-container\">\n\t\t\t\t\t<div class=\"elementor-spacer\">\n\t\t\t<div class=\"elementor-spacer-inner\"><\/div>\n\t\t<\/div>\n\t\t\t\t<\/div>\n\t\t\t\t<\/div>\n\t\t\t\t\t<\/div>\n\t\t<\/div>\n\t\t\t\t\t\t\t<\/div>\n\t\t<\/section>\n\t\t\t\t\t<\/div>\n\t\t<\/div>\n\t\t\t\t\t\t\t<\/div>\n\t\t<\/section>\n\t\t\t\t\t\t<\/div>\n\t\t\t\t\t<\/div>\n\t\t","protected":false},"excerpt":{"rendered":"<p>FAQ \u00bfTienes alguna duda? 1\u00bfHasta cu\u00e1ndo puedo inscribir a mis hijos? El per\u00edodo de inscripci\u00f3n a\u00fan est\u00e1 por determinar 2\u00bfSe debe pagar alguna cosa por adelantado?<span class=\"excerpt-hellip\"> [\u2026]<\/span><\/p>\n","protected":false},"author":2,"featured_media":0,"parent":0,"menu_order":0,"comment_status":"closed","ping_status":"closed","template":"","meta":{"footnotes":""},"class_list":["post-1163","page","type-page","status-publish","hentry"],"_links":{"self":[{"href":"https:\/\/afterclass.instituciotarragona.org\/index.php?rest_route=\/wp\/v2\/pages\/1163","targetHints":{"allow":["GET"]}}],"collection":[{"href":"https:\/\/afterclass.instituciotarragona.org\/index.php?rest_route=\/wp\/v2\/pages"}],"about":[{"href":"https:\/\/afterclass.instituciotarragona.org\/index.php?rest_route=\/wp\/v2\/types\/page"}],"author":[{"embeddable":true,"href":"https:\/\/afterclass.instituciotarragona.org\/index.php?rest_route=\/wp\/v2\/users\/2"}],"replies":[{"embeddable":true,"href":"https:\/\/afterclass.instituciotarragona.org\/index.php?rest_route=%2Fwp%2Fv2%2Fcomments&post=1163"}],"version-history":[{"count":47,"href":"https:\/\/afterclass.instituciotarragona.org\/index.php?rest_route=\/wp\/v2\/pages\/1163\/revisions"}],"predecessor-version":[{"id":3881,"href":"https:\/\/afterclass.instituciotarragona.org\/index.php?rest_route=\/wp\/v2\/pages\/1163\/revisions\/3881"}],"wp:attachment":[{"href":"https:\/\/afterclass.instituciotarragona.org\/index.php?rest_route=%2Fwp%2Fv2%2Fmedia&parent=1163"}],"curies":[{"name":"wp","href":"https:\/\/api.w.org\/{rel}","templated":true}]}}